 the prime factors of u(-1)?
2
Let h(w) = w**3 - 9*w**2 + w - 9. Let o be h(9). Suppose o*x - x = -6. List the prime factors of x.
2, 3
Suppose -18 = -4*m - m - 3*c, 0 = 5*m - 4*c - 11. Suppose m*r + 13 = 55. List the prime factors of r.
2, 7
Suppose 12*i = 5*i + 1687. What are the prime factors of i?
241
Let d(j) be the third derivative of -j**6/120 - 3*j**5/20 + 7*j**4/24 - j**3/6 - 2*j**2. List the prime factors of d(-10).
29
Let p(v) = v**3 + 5*v**2 - 6*v + 1. Let u be p(-6). Let m = u - -1. Suppose 0 = -m*a - 3*a + 30. List the prime factors of a.
2, 3
Let u be 4/(-18) - (-184)/18. Let i(f) = -f**3 - 5*f**2 - f. Let t be i(-5). Let v = u - t. List the prime factors of v.
5
Suppose 7 = 2*b - 67. List the prime factors of b.
37
Suppose 19*m = 287 + 2449. What are the prime factors of m?
2, 3
Suppose 0 = 4*h - 5*h + 2. Suppose h*m + 5*z - 23 = 0, -2*m - 4*z - 3 + 25 = 0. What are the prime factors of m?
3
Let m = 5 - -57. List the prime factors of m.
2, 31
Let w be (-1)/(((-3)/(-2))/(-3)). Suppose 5*n - 4*y = 10, 0 = -n - 2*y - w*y + 26. Suppose -2*h - 2 = -n. What are the prime factors of h?
2
Let i(y) be the third derivative of y**5/20 - y**4/12 + y**3/6 + y**2. Suppose 0*m + 16 = 5*m + 3*a, m = -2*a + 6. List the prime factors of i(m).
3
Suppose 887 + 457 = 14*z. What are the prime factors of z?
2, 3
Let d(h) = 12*h - 16. What are the prime factors of d(7)?
2, 17
Suppose 0*d - 25 = -5*d. Suppose d*s - 6 = 19. What are the prime factors of s?
5
Suppose w = 4*w - 219. What are the prime factors of w?
73
Suppose 31 + 5 = -3*l. Let x = -8 - l. What are the prime factors of x?
2
Let t(z) = -5*z**3 - 2*z**2 - 4*z - 4. What are the prime factors of t(-2)?
2, 3
Let m = -98 + 169. List the prime factors of m.
71
Suppose -2*z + 3*z - 6 = 0. Suppose -z*f = -2*f - 120. List the prime factors of f.
2, 3, 5
Suppose 4*q - 37 = c - 2*c, 4*q - 16 = 0. What are the prime factors of c?
3, 7
Suppose 0 = -5*z + 9 - 34, -4*z - 117 = -a. List the prime factors of a.
97
Let c(d) = -2*d - 2. Suppose 0 = -4*m - 2*b - 3*b - 6, 2 = b. Let a be c(m). What are the prime factors of ((-5)/2)/((-3)/a)?
5
Suppose -5*c + 43 = -32. Let s = c + -9. Let g = s + 0. What are the prime factors of g?
2, 3
Suppose -5*l + 24 + 6 = 0. What are the prime factors of l?
2, 3
Suppose -4*t = -4*j + 6*j, 5*t = 5*j - 45. What are the prime factors of -51*((-4)/j)/2?
17
Suppose -4*w = 2*f - 5*w - 5, 0 = 3*f - 3*w - 15. Suppose l - 2*c - 4 = -f*l, -5*l + 15 = -5*c. List the prime factors of l.
2
Let t(o) = -o**3 + 4*o**2 + 3. Let b be t(4). Suppose -4*q = b*m - m - 30, -q + 15 = m. What are the prime factors of m?
3, 5
Let o = 6 - 2. Suppose o*w + 16 = 0, 36 = -3*h + 7*h - 4*w. List the prime factors of h.
5
Let b(z) = -2*z + 1. Let g be ((-1)/3)/(1/(-6)). Let l be b(g). What are the prime factors of (-10)/(-15) + (-4)/l?
2
Let a = 20 - 5. Suppose -4*i + a = -s, -4*i + 5*s + 18 = 3*s. Suppose 0 = -c + i*c - 44. What are the prime factors of c?
2, 11
Let o = -321 - -643. List the prime factors of o.
2, 7, 23
Suppose 4*k = -3*j + 655, -2*j - 4*k = -7*k - 465. What are the prime factors of j?
3, 5
Let i(p) = p**2 - 14*p - 34. List the prime factors of i(-14).
2, 179
Suppose 8 = 2*u - 0. Suppose -m - u*c + 4 = -4, -2*m + 3*c - 6 = 0. Let t(g) = g**3 - g**2 + g + 9. What are the prime factors of t(m)?
3
Let h(b) = 4*b - 3. Let a be h(-8). Let x = 19 + a. Let r = x - -22. What are the prime factors of r?
2, 3
Let m be -1 + (-12)/(-3) + 0. Suppose m*y - 111 + 33 = 0. Let l = -15 + y. What are the prime factors of l?
11
Suppose 2*g + 5*d = 27 - 4, -2*d + 15 = -5*g. Let l be 0*((-3)/6 - g). Suppose l = r - 2*r - 5*u - 16, 3*u + 20 = 2*r. What are the prime factors of r?
2
List the prime factors of ((-1465)/10)/((-3)/6).
293
What are the prime factors of 2/(-5)*(-64 + -1)?
2, 13
Let s(b) = -b**3 - 2*b**2 + b - 4. List the prime factors of s(-4).
2, 3
Suppose -2*u = -m - u + 27, 0 = 3*m + 2*u - 76. Let l = -13 - 0. Let n = m + l. What are the prime factors of n?
13
What are the prime factors of (-57 - -6)*2/(-6)?
17
Let c be ((-18)/12)/(3/(-4)). Suppose -5*i - 5*l = -220, 0*l = -i + c*l + 38. What are the prime factors of i?
2, 3, 7
Let f = 73 - 30. Suppose -3*r = 5*s - 47, -4*s + r = -2*r - f. List the prime factors of s.
2, 5
Let f(w) = -w**3 - 6*w**2 - w - 3. Let j be f(-6). Let q be (-1)/(5/j - 2). Suppose -5*l + 14 = -q*l. What are the prime factors of l?
7
Suppose 44 = i - r, 7*i - 3*r = 2*i + 212. What are the prime factors of i?
2, 5
List the prime factors of 76/(-6)*(-3)/2.
19
Suppose g + g - 2*u = 174, -2*u = g - 90. List the prime factors of g.
2, 11
Suppose 0 = 5*m - 2*k - 0*k - 714, 0 = 5*m - 5*k - 705. What are the prime factors of m?
2, 3
Suppose 11 = 2*p - 4*l - 9, -p = 3*l - 25. What are the prime factors of p?
2
Suppose 5*m = -0*m. Suppose m = 4*h + h - 10. Suppose h*u + r = 5, -3*u - 3 = -4*r - 16. List the prime factors of u.
3
Let x be (82/3)/((-4)/(-6)). Let i = x + -29. List the prime factors of (-10)/3*(-18)/i.
5
Let t(b) = b**2 + 10*b + 11. Let l be t(-9). Let m(k) = -2*k**2 + 0*k + 2*k - k**3 + 3 - l. What are the prime factors of m(-3)?
2
Let o be 12/7 + (-16)/(-56). Suppose -r = o*a - 41, 4*a + 5 = 2*r - 69. What are the prime factors of r?
3, 13
Let g(x) = -7*x + 3. Let j(d) = -36*d + 16. Let k(q) = 11*g(q) - 2*j(q). List the prime factors of k(-3).
2
Suppose 4*o - o - 15 = 0. Suppose o*g - 2*a = 18, -4*g - 5*a = -g - 17. Suppose -25 = -g*p - p. What are the prime factors of p?
5
Suppose -4*h + 5 = -3*h. Let u = 41 - h. What are the prime factors of u?
2, 3
Let f(c) be the third derivative of -c**6/120 - c**5/15 - c**4/6 - c**3/3 + c**2. Let b be f(-3). List the prime factors of (-28)/(-4) + b + -3.
5
Let s(d) = -d**3 - 14*d**2 - 13*d + 15. What are the prime factors of s(-13)?
3, 5
Let g(f) = f**3 - 7*f**2 + 5*f + 8. Let a be g(6). Suppose a*q + h = 3, 4 = -5*h - 1. What are the prime factors of q?
2
Let d = -2 - -5. Suppose 6*m = d*m + 72. Suppose m = 2*r + r. List the prime factors of r.
2
Let r(v) be the third derivative of -1/12*v**4 + 0 + 0*v + 4*v**2 + 0*v**3. What are the prime factors of r(-6)?
2, 3
Let x = -3 - 1. Let m be (-20)/((-60)/200*(-2)/(-3)). What are the prime factors of m/36 - x/18?
3
What are the prime factors of (-10)/25 - (-306)/15?
2, 5
Let d(a) = a**3 - 6*a**2 + 6*a - 1. Let l be d(5). Suppose l*u - 23 = 13. List the prime factors of u.
3
Suppose -4*m = -9 + 1. List the prime factors of m/(-5) + (-328)/(-20).
2
Let k(p) = 44*p**2 - p + 1. What are the prime factors of k(1)?
2, 11
Let b = -9 - -15. Suppose -4*i + 2*i = -b. Suppose 6 = -i*z + 3*q + 15, -4*z + 24 = 2*q. What are the prime factors of z?
5
Let n(m) = -3*m**2 + 2*m + 1. Let d be (-10)/14 + (-2)/7. Let j be n(d). What are the prime factors of (-52)/(-6) + j/6?
2
Let x = -8 + 34. Let u be (-3)/6 + x/4. Suppose y = -y + u. What are the prime factors of y?
3
Let n be (3 - -67) + 1 + 1. Suppose 0*o = 4*o + n. List the prime factors of (-1 - 0)/(1/o).
2, 3
Let t = -119 + 167. What are the prime factors of t?
2, 3
Let x(s) be the third derivative of s**7/1680 - s**6/240 - s**5/60 - 3*s**2. Let p(a) be the third derivative of x(a). What are the prime factors of p(7)?
2, 3
List the prime factors of ((-16)/(-3) - 5)*87.
29
What are the prime factors of ((-23670)/(-12))/15 + 6/(-4)?
2, 5, 13
Let d = -14 - -34. Suppose 2*l = 3*l - d. What are the prime factors of l?
2, 5
Let l be ((-2)/5)/(3/(-30)). Let h be (-1)/(1 - (-15)/(-14)). Let q = l + h. List the prime factors of q.
2, 3
Let n = -5 - -8. List the prime factors of (n/6*46)/1.
23
Let b(g) = 2*g**2 - 2*g + 1. Let c = -9 - -13. Let k = c + -2. List the prime factors of b(k).
5
List the prime factors of 410/7 - 21/(-49).
59
Let w(s) = 3*s**3 - 2*s**2 + s + 1. Suppose -2*h = -5*h + 4*a - 14, a - 5 = 0. List the prime factors of w(h).
19
Let v(k) = -k**3 + 9*k**2 + 13*k - 11. Let y(w) = -3*w - 8. Let o be y(-6). List the prime factors of v(o).
19
Suppose -u = -0 - 5. Suppose -2*d + 11 = -k, -5*k = -u*d - 4*k + 20. Let j(v) = v**2 + 2*v + 4. List the prime factors of j(d).
19
Let p be (-3)/6 - 14/(-4). Let v(i) = 2*i**3 - 4*i**2 - i. List the prime factors of v(p).
3, 5
Suppose -5*l = -4*a + 25 - 8, 0 = 4*a + 2*l - 10. Suppose a*b = -2*b + 45.